+ 5*k - 3. Let m be 2/(s/(24/(-3))). Suppose 240 = m*x - o, 8*x = 5*x + 5*o + 197. What are the prime factors of x?
59
Let w = -3095 - -6126. List the prime factors of w.
7, 433
Let z be (0 + 68 - -3)/((-3)/(-18)). Let b = z + -192. List the prime factors of b.
2, 3, 13
Suppose 14*i - 19*i + 2*r + 10918 = 0, 4*r - 4 = 0. What are the prime factors of i?
2, 3, 7, 13
Let c be (-1 + 0)*-2*1. Suppose -3*q + i + 8 = 0, 0 = q + 3*i - 16 + 10. Suppose -q*y + 6*y = -12, -c*o + 106 = y. List the prime factors of o.
5, 11
Let v be 3/(84/(-64))*(-273)/78. Let p(d) be the second derivative of 13*d**3/6 - d**2 - 2*d. List the prime factors of p(v).
2, 3, 17
Let j = 154 - 106. What are the prime factors of (6 + 7308/j)/(6/16)?
2, 211
Suppose 0 = -2*n + 5*u + 39744, -28*n + 33*n - 99291 = u. List the prime factors of n.
3, 6619
Let d = 34 + -61. Let s = -17 + d. List the prime factors of (-221)/(-2) + (-22)/s.
3, 37
Suppose -23 = j - 2*d, -3*j - 22 = -j + 2*d. Let r = -10 - j. Suppose -r*t = 4*w - 292, -5*w - 20 = t - 91. List the prime factors of t.
2, 7
Suppose 385*d - 402*d + 193086 = 0. What are the prime factors of d?
2, 3, 631
Suppose 4*g = 29 - 13. Suppose 10 = 16*u - 18*u, 0 = -g*q - 3*u + 229. What are the prime factors of q?
61
Let r be 9/6*-2 + (221 - 6). Suppose w + r = 479. What are the prime factors of w?
3, 89
Let t = -35 + 47. Suppose -t = -c + 26. What are the prime factors of c?
2, 19
Suppose 84*d - 215040 = 36*d. List the prime factors of d.
2, 5, 7
Let b(x) = -13*x - 52. Let g be b(-4). Suppose -5*j + 1903 + 712 = g. What are the prime factors of j?
523
Suppose 0 = 5*o + 5*x - 2 - 23, -3*o + 2*x + 10 = 0. Suppose -o*q + 1032 - 168 = 0. Let g = q + -36. List the prime factors of g.
2, 3, 5
Let h = 295 - 756. Let a = -241 - h. List the prime factors of a.
2, 5, 11
Suppose 3*v - y + 5*y - 388 = 0, 2*v = -2*y + 258. Let g = v + -55. Suppose 5*l - g = -3*z, -5*l = -3*z - l + 55. What are the prime factors of z?
3, 7
Let s(l) = -l**3 - 12*l**2 + 44*l - 13. Let c be s(-15). Suppose 4*a = -16, q + c*a + 0*a = 598. What are the prime factors of q?
2, 3, 101
Let y(a) = a**3 + 7*a**2 - 9*a - 17. Let g be y(-7). Suppose -21 = -j - g. Let q(t) = -9*t + 34. List the prime factors of q(j).
7, 37
Let b = -1285 - -857. Let r be (0 - -10 - 7 - -6) + -258. Let m = r - b. What are the prime factors of m?
179
Suppose 50*p - 101*p = -48*p - 118356. List the prime factors of p.
2, 7, 1409
Suppose 5*i - 370 = -5*y, 5*y + 69 = -i + 163. Suppose 0 = -i*w + 66*w + 27. Suppose -11*b = -w*b - 338. List the prime factors of b.
13
Suppose -4*i - h + 3*h + 14 = 0, 2*i - 4*h = 10. Let z = 762 + -762. Suppose z = i*d, t - 4*d - 7 = 6. What are the prime factors of t?
13
Suppose -87*t + 15108 = -46*t - 40*t. What are the prime factors of t?
2, 3, 1259
Let b(a) = -4*a**3 + 6*a**2 + 6*a + 8. Let z be b(-4). Suppose -2*n = -5*u + z, 5*u + n = 2*n + 333. Let q = u - 47. What are the prime factors of q?
19
Let j be ((-14)/4)/(21/294). Let z = j - -40. Let r = 45 - z. What are the prime factors of r?
2, 3
Let o be 0 - (-3 - 0/3). Suppose -o*c = 6*c - 18. Suppose -4 = -4*j, -64 = -c*h + 4*j - 2. List the prime factors of h.
3, 11
What are the prime factors of 162 + (-34)/(-6) + (-32)/48?
167
Let g(t) be the second derivative of t**7/252 - t**6/144 - 19*t**4/6 + 48*t. Let p(s) be the third derivative of g(s). List the prime factors of p(-3).
3, 5, 7
Suppose 0 = -23*s + 25*s - 2448. Suppose 4*m = -0*t + 2*t - s, -5*t + 3060 = m. Let w = t + -322. List the prime factors of w.
2, 5, 29
Let v(q) = -2*q + 243. Let r be (36 - 6)/((-6)/4). What are the prime factors of v(r)?
283
Let c(o) be the third derivative of o**6/120 - o**5/6 + o**4/3 + 4*o**3/3 + o**2 + 30. What are the prime factors of c(10)?
2, 11
Let n(q) = -2*q**2 + 7*q - 11. Let c be n(-8). Let f = c - -604. What are the prime factors of f?
409
Let x = -58232 - -84694. List the prime factors of x.
2, 101, 131
Let b(m) = -23*m - 43 + 8*m + 9*m - 22*m. List the prime factors of b(-9).
11, 19
Let s(h) = -2*h**3 + 15*h**2 - 108*h - 94. What are the prime factors of s(-25)?
17, 2543
Let d = 274 - 132. Suppose -2*l - d = -v - 510, v + 182 = l. What are the prime factors of l?
2, 3, 31
Suppose -5*w = 5*c + 335, -3*c + 2*c + 209 = -3*w. Let d = w + 104. Suppose 2*q - 83 = d. What are the prime factors of q?
59
Let p = -325 - -607. Let b = p + 474. List the prime factors of b.
2, 3, 7
Let g(b) = -7206*b + 1610. What are the prime factors of g(-2)?
2, 8011
Let p be (4/(-10))/((-3)/30). Let g be -2 - (0 + -7 + p). What are the prime factors of 17/2 - g/(-2)?
3
Let r = 152 + -137. Let q be 0 + 10/r*-3. What are the prime factors of -2 + 128 + (q - 2)?
2, 61
Let f be 14/49 + (-94)/(-14). Suppose -f*g + 14913 - 4056 = 0. List the prime factors of g.
3, 11, 47
Let l(g) = -24*g + 209. Let v be l(-6). Let b = v - 246. List the prime factors of b.
107
Let s = 599 - 596. Suppose 3*a = -s*a + 162. List the prime factors of a.
3
Let t = 204 + -186. Suppose 0 = 5*g + 4*z - 1994, 4*g - t*z = -15*z + 1620. List the prime factors of g.
2, 3, 67
Let y be (-10)/(-4 + 2)*2075. Suppose -65*b + y = -40*b. What are the prime factors of b?
5, 83
Let g = -21 - -20. Let u be 214*(3 - (g*4)/(-4)). What are the prime factors of 1/((3 - -1)/u)?
107
Suppose 7216779 = 69*y + 72*y - 18*y. What are the prime factors of y?
23, 2551
Suppose -5*o - 466 = -1336. Let g = o + 482. List the prime factors of g.
2, 41
Suppose 59641 + 15257 = 54*c. List the prime factors of c.
19, 73
Let h be (-32)/80 + (-5507)/(-5). Suppose 528 = 9*g - h. List the prime factors of g.
181
Let w = -4985 - -11852. Suppose -12057 = -19*p + w. What are the prime factors of p?
2, 3, 83
Suppose 10*g - 12003 = 244428 - 38941. What are the prime factors of g?
7, 13, 239
Let w(a) = a**3 + 53*a**2 - 24*a + 132. What are the prime factors of w(-25)?
2, 43, 53
Let m(h) = h**2 - 10*h + 1. Let r be m(10). Let d be 1/((-18)/(-16) - r). Suppose 72 = -6*n + d*n. List the prime factors of n.
2, 3
Let x(q) = 2*q**2 - q - 2. Let n(w) = 54*w**2 + w + 24. Let j(h) = n(h) + 6*x(h). What are the prime factors of j(-4)?
2, 17
Let b = 345 - 60. Let x = b - 61. List the prime factors of x.
2, 7
List the prime factors of (-95)/380 - (57933/(-20) + (-4)/(-10)).
2, 181
Let m(l) = l**2 + 3*l + 9. Let x = -113 + 122. What are the prime factors of m(x)?
3, 13
Suppose -21*d + 208223 = -367156. List the prime factors of d.
3, 9133
Let z(m) = 2*m**3 + m**2 - 1. Let g be z(1). Let h be (-2)/6 + (-3)/((-90)/10)*4. What are the prime factors of h + g - (-44 + -2)?
7
Let j = 19 + 17. Let q be -1 + j + -2 - 3. Suppose 2*i - 80 = -q. List the prime factors of i.
5
List the prime factors of (-1 - 14/(-10)) + 8445/125*335.
13, 1741
Suppose 2*m + 184 = -688. List the prime factors of ((-6)/4)/(3/m).
2, 109
Suppose 0 = -3*p + 2*p + 3*z + 490, 4*p + 5*z = 1926. Suppose 4*s = -4*o + p, -5*s - 387 = -3*o - 0*s. List the prime factors of o.
2, 31
Suppose 3*s + 18 = c, -2*c + 0*c = -2*s - 16. Suppose -3*g - 27 = 4*a, 2*a + 36 = -4*g - c*a. What are the prime factors of (920/(-15))/(6/g)?
2, 23
Let g(z) be the third derivative of z**5/120 + z**4/4 + 5*z**3/6 - 5*z**2. Let f(s) be the first derivative of g(s). List the prime factors of f(7).
13
Let b be 6 + (-2042 - -4)/(-2). Let s = b - -470. What are the prime factors of s?
5, 13, 23
Suppose 2*c + c = -4*a + 191583, 0 = 5*a + 3*c - 239475. Suppose 10*f - a = -29*f. List the prime factors of f.
2, 307
Suppose -98*p = -165*p + 1116555. What are the prime factors of p?
3, 5, 11, 101
Suppose 4*a - 33*c + 38*c - 54913 = 0, -5*a = 4*c - 68648. List the prime factors of a.
2, 3433
Suppose 0 = -3*c - 5*b + b + 24, -2*b = -4*c + 54. Let w = c + -9. Suppose -3*a + 164 = -m + 3*m, m - 100 = w*a. What are the prime factors of m?
2, 11
Suppose n = 3*n - 14. Suppose -n = j + 13. Let b = j + 119. List the prime factors of b.
3, 11
Let c = -1154 + 1632. Suppose -5*u + c = -3*s - 1526, 0 = -5*s - 15. List the prime factors of u.
3, 7, 19
Let u(p) = 2*p**3 + 30*p**2 - 32*p + 2. Let z be u(-16). What are the prime factors of (z/(-6))/(22/(-73194)) + -5?
2, 3, 23
Suppose -4*y = 6369 - 105011 - 30106. List the prime factors of y.
3, 10729
Suppose 0 = 2*p - v - 732, -v + 234 = -3*p + 1330. Let y be (29/2)/(3/